{"id":85,"date":"2023-10-17T11:48:32","date_gmt":"2023-10-17T11:48:32","guid":{"rendered":"https:\/\/vtc-alpes-transport-tourisme.com\/?page_id=85"},"modified":"2026-02-10T12:33:35","modified_gmt":"2026-02-10T12:33:35","slug":"accueil","status":"publish","type":"page","link":"https:\/\/vtc-alpes-transport-tourisme.com\/","title":{"rendered":"Accueil"},"content":{"rendered":"\n\n\n\n\n\nLes derni\u00e8res nouvelles\n\n\n\nD\u00e9couvrez les derni\u00e8res nouveaut\u00e9s et tendances en termes de tourisme dans les Alpes pour vous offrir une exp\u00e9rience unique et de qualit\u00e9.\n\n\n\n\n\n\n\nDes offres exclusives\n\n\n\nProfitez de nos offres exclusives pour des s\u00e9jours tout confort et des voyages inoubliables dans les Alpes.\n\n\n\n\n\n\n\nExplorez les Alpes\n\n\n\nPrenez la route vers des paysages \u00e0 couper le souffle, des activit\u00e9s passionnantes et des instants m\u00e9morables gr\u00e2ce \u00e0 nos conseils de voyage.\n\n\n\n\n\n\n\n\n\nQui sommes-nous?\n\n\n\nBienvenue dans les Alpes\n\n\n\nD\u00e9couvrez qui nous sommes et notre mission de vous assister dans votre voyage de r\u00eave dans les Alpes.\n\n\n\n\n\n\n\n\n\n\n\nNotre Mission\n\n\n\nNotre mission est de vous offrir toutes les ressources et les connaissances n\u00e9cessaires pour planifier votre aventure alpine inoubliable.\n\n\n\n\n\n\n\n\n\n\n\n\n\n\n\n\n\n\n\n\n\nLa beaut\u00e9 des Alpes\n\n\n\nPartez \u00e0 la d\u00e9couverte de paysages \u00e0 couper le souffle au c\u0153ur des Alpes avec vtc alpes transport tourisme.\n\n\n\n\n\n\n\n\n\n\n\n\n\n\n\n\n\n\n\n\n\nPlanifiez votre aventure alpine\n\n\n\nD\u00e9couvrez une multitude de ressources pour planifier votre prochaine aventure alpine inoubliable.\n\n\n\n\n\n\n\n\n\n\n\nServices et fonctionnalit\u00e9s\n\n\n\nConsultez la liste des services et caract\u00e9ristiques disponibles pour enrichir votre exp\u00e9rience de voyage dans les Alpes.\n\n\n\n\n\n\n\n\n\nExcursions \u00e0 couper le souffle\n\n\n\nD\u00e9couvrez les plus beaux coins des Alpes lors d&#8217;une excursion passionnante et remplie d&#8217;aventures.\n\n\n\n\n\n\n\nCamping en pleine nature\n\n\n\nProfitez d&#8217;une exp\u00e9rience de camping unique au c\u0153ur des montagnes, entour\u00e9s par la beaut\u00e9 naturelle des Alpes.\n\n\n\n\n\n\n\nSports d&#8217;hiver extr\u00eames\n\n\n\nAmateurs de sensations fortes, lancez-vous dans les sports d&#8217;hiver les plus incroyables que vous offre les Alpes.\n\n\n\n\n\n\n\n\n\n\n\n\n\nPlanifiez votre aventure inoubliable dans les Alpes\n\n\n\nRejoignez notre communaut\u00e9 d\u00e8s maintenant et commencez \u00e0 explorer les paysages \u00e9poustouflants de cette r\u00e9gion incroyable!\n\n\n\n\n\n\n\n\n\nNotre s\u00e9lection de projets\n\n\n\nConsultez notre portefeuille de projets pour voir les magnifiques endroits que vous pouvez d\u00e9couvrir dans les Alpes.\n\n\n\n\n\n\n\nLe Parc national de la Vanoise\n\n\n\n\nD\u00e9couvrir\n\n\n\n\n\n\nLes Trois Vall\u00e9es\n\n\n\n\nD\u00e9couvrir\n\n\n\n\n\n\nLes Deux Alpes\n\n\n\n\nD\u00e9couvrir\n\n\n\n\n\n\nLe parc de la Vanoise en randonn\u00e9e\n\n\n\n\nD\u00e9couvrir\n\n\n\n\n\n\nCamping au Lac d&#8217;Annecy\n\n\n\n\nD\u00e9couvrir\n\n\n\n\n\n\nSki dans les Alpes fran\u00e7aises\n\n\n\n\nD\u00e9couvrir\n\n\n\n\n\n\n\n\n\n\nDerniers articles\n\n\n\n\n\n\n\n\n\n\n\n\n\n\n\n\n\n\n\n\n\n\n\n\n\n","protected":false},"excerpt":{"rendered":"","protected":false},"author":1,"featured_media":0,"parent":0,"menu_order":0,"comment_status":"closed","ping_status":"closed","template":"","meta":{"footnotes":""},"class_list":["post-85","page","type-page","status-publish","hentry"],"_links":{"self":[{"href":"https:\/\/vtc-alpes-transport-tourisme.com\/index.php?rest_route=\/wp\/v2\/pages\/85","targetHints":{"allow":["GET"]}}],"collection":[{"href":"https:\/\/vtc-alpes-transport-tourisme.com\/index.php?rest_route=\/wp\/v2\/pages"}],"about":[{"href":"https:\/\/vtc-alpes-transport-tourisme.com\/index.php?rest_route=\/wp\/v2\/types\/page"}],"author":[{"embeddable":true,"href":"https:\/\/vtc-alpes-transport-tourisme.com\/index.php?rest_route=\/wp\/v2\/users\/1"}],"replies":[{"embeddable":true,"href":"https:\/\/vtc-alpes-transport-tourisme.com\/index.php?rest_route=%2Fwp%2Fv2%2Fcomments&post=85"}],"version-history":[{"count":10,"href":"https:\/\/vtc-alpes-transport-tourisme.com\/index.php?rest_route=\/wp\/v2\/pages\/85\/revisions"}],"predecessor-version":[{"id":2387,"href":"https:\/\/vtc-alpes-transport-tourisme.com\/index.php?rest_route=\/wp\/v2\/pages\/85\/revisions\/2387"}],"wp:attachment":[{"href":"https:\/\/vtc-alpes-transport-tourisme.com\/index.php?rest_route=%2Fwp%2Fv2%2Fmedia&parent=85"}],"curies":[{"name":"wp","href":"https:\/\/api.w.org\/{rel}","templated":true}]}}